- 2*j. Let w be (1 + 4)*4/10. Suppose w*x - 24 = 22. What is the remainder when x is divided by d(-2)?
11
Suppose -4*g - i - 2 = 0, 4*g - 4*i - 8 = 2*g. Suppose 170 = 3*d - t, 3*t + 235 = 4*d - g*t. What is the remainder when d is divided by 19?
17
What is the remainder when 4/3 + (-299)/(-39) is divided by 3?
0
Suppose -21 + 3 = -3*d. What is the remainder when 22 is divided by d?
4
Suppose -5*x - 4*p + 10 = -3*x, 0 = -4*p + 8. Let l = -7 - -4. Let u = -1 - l. What is the remainder when u is divided by x?
0
Suppose 2*n = n + 30. Suppose 4*i = -5*c + 42 + n, -27 = -3*c + 3*i. Let w(q) = -q + 17. What is the remainder when 13 is divided by w(c)?
3
Let p = 42 + -30. Suppose 0*d + 4*d = -16. What is the remainder when p is divided by 2 + 2 + -1 - d?
5
Calculate the remainder when (46 + 0)/((-3)/(6/(-4))) is divided by 7.
2
Suppose -108 = -3*c - 3*o, -2*o + 80 = 2*c + 2*o. Calculate the remainder when c is divided by 14.
4
Suppose 7 = 3*d - 2. Suppose 0 = -d*b - k + 32, 2*k - 46 = -4*b - 0*k. What is the remainder when 16 is divided by b?
7
Let d = -74 + 147. What is the remainder when d is divided by 38?
35
Let r = -17 + 7. What is the remainder when 19/(-3)*(r + 1) is divided by 15?
12
Suppose 11*a + 209 = 1012. What is the remainder when a is divided by 39?
34
Let n(g) = 7*g - 16. Calculate the remainder when 96 is divided by n(7).
30
Suppose 0 = -p - 7 + 15. Calculate the remainder when p is divided by 2.
0
Suppose -3*t - 3 = -15. Let g be 17/(0 - 4/(-1 - 3)). Suppose -t*i = -7 - g. Calculate the remainder when 23 is divided by i.
5
Suppose -4 = -4*t + 5*s, t + 2 = 3*t + 5*s. What is the remainder when 1 is divided by t?
0
Let p(f) = f + 8. Let m be p(0). Suppose m = 2*g - 10. Let k(x) = x**2 + 5*x - 19. Calculate the remainder when g is divided by k(-8).
4
Suppose 12 = -3*c, -53 = 5*r - 3*c - 0*c. Let m = -1 - r. Suppose -2*q + 3*k + 5 + 44 = 0, -5*q - k = -114. Calculate the remainder when q is divided by m.
11
Suppose 2*n - 32 = -0*n. Let g = 1 + -2. Calculate the remainder when g*23/2*-4 is divided by n.
14
Suppose -4*x + 5 + 7 = 0. Suppose x + 2 = r. Calculate the remainder when 48/(-36)*(-42)/4 is divided by r.
4
Let q(k) = k**3 - 5*k**2 + 5*k - 2. Let o(a) = -2*a - 11. Calculate the remainder when o(-9) is divided by q(4).
1
Suppose 0 = -2*y + 2*z + 28, -z - 36 = -3*y - 0*y. Calculate the remainder when 32 is divided by y.
10
Suppose t + 2*g = -33, -5*t - 4*g = -2*g + 197. Let d = 70 + t. Calculate the remainder when d is divided by 15.
14
Suppose -4*s + 1 = y - 5, 5*s = -5*y + 30. Calculate the remainder when 16 is divided by y.
4
Suppose -2*g - 3*g + 50 = 0. Suppose -5*m + 20 = -g*m. Let s = m + 17. Calculate the remainder when 24 is divided by s.
11
Let t(g) = g**3 + 7*g**2 + 6*g + 5. Suppose -20 = -7*h + 3*h, 5*b + 2*h = -10. What is the remainder when t(b) is divided by 15?
14
Suppose 2 - 12 = -p + 2*q, -5*q - 28 = -3*p. Calculate the remainder when 300/p + (-1)/1 is divided by 13.
10
Let m = 22 - 7. Calculate the remainder when 23 is divided by m.
8
Let v = 57 - 52. Calculate the remainder when 19 is divided by v.
4
Suppose 5*v = d + 38, -9 = -4*v + 5*d + 34. Calculate the remainder when v is divided by 2.
1
Suppose -2*l + 4 = 2*l. What is the remainder when l is divided by 1?
0
Let f = -16 - -31. Calculate the remainder when 44 is divided by f.
14
Let b(h) = 11*h - 14. Calculate the remainder when b(6) is divided by (-208)/(-12) - (-4)/6.
16
Suppose -3*u - 2*u = 5*g + 20, g = 2*u - 1. Let l = 1 - g. Suppose -3*i - 2*d + 19 = -d, l = d. Calculate the remainder when i is divided by 2.
1
Let k(g) = 4*g**2 - g**2 + 4*g**2 + 3*g + 3*g + g**3. Calculate the remainder when k(-5) is divided by (-442)/(-65) + 1/5.
6
Let z = -27 + 36. Let m(h) = 7*h**2 + 3*h - 1. What is the remainder when m(2) is divided by z?
6
What is the remainder when 6 is divided by (12/15)/((70/25)/7)?
0
Suppose 10 + 5 = 5*a. Suppose -a*r - 13 = -55. Calculate the remainder when 27 is divided by r.
13
Let i = 30 - 19. Suppose 2*f = -2*k + 8 + 8, 3*k + 4 = 4*f. Suppose -j - 1 = -x, -f = -j - j. What is the remainder when i is divided by x?
2
Suppose 84 = 2*p + 4*f, -98 = -5*p - 2*f + 152. Suppose 3*q = -q + p. Calculate the remainder when q is divided by 7.
6
Let h = 4 - 2. Suppose -h*x - 10 = -w, -4*w + 66 = 4*x + x. What is the remainder when 55 is divided by w?
13
Let i be 123 - (-2 + 0/2). Suppose 0*l + i = 5*l. What is the remainder when 48 is divided by l?
23
Suppose -h + 45 = 5*l, 4*l + 7 - 19 = 4*h. Let s = -6 + l. Calculate the remainder when 3 is divided by s.
1
Let m(o) = -2*o**3 - o**2 - 2*o - 3. What is the remainder when (-100)/(-2)*60/40 is divided by m(-2)?
10
Suppose 2 = -3*y + 5*i + 5, 2*i = 6. What is the remainder when 10 is divided by y?
4
Let f = -17 + 29. Let r be (1/4)/(5/60). Calculate the remainder when 22 - ((-2)/1 + r) is divided by f.
9
Let o = -13 - -21. Calculate the remainder when o is divided by 2.
0
Suppose -3*t + 8 = -7. What is the remainder when 13 is divided by t?
3
Suppose -s - 3*y = -2*s + 10, 0 = s + y - 14. Calculate the remainder when 25 is divided by s.
12
Suppose -1 = -3*z + 38. Suppose 4*w - 49 + z = 0. What is the remainder when w is divided by 4?
1
Suppose -12*m = -0*m - 216. Calculate the remainder when 70 is divided by m.
16
Let b = -15 - -18. Calculate the remainder when 10 is divided by b.
1
Let y be 0 + (-2 - 8*1). Let r = y - -18. Calculate the remainder when 23 is divided by r.
7
Suppose -2*g = -0*g - 10. Suppose 0*y + 70 = g*y. Calculate the remainder when y is divided by 5.
4
Let p(t) = 7*t + 5. Let s = -78 - -92. What is the remainder when p(5) is divided by s?
12
Suppose 6*f - 4*f = -q - 3, -1 = -3*q - f. Suppose -u - 14 = s - 4*u, -s - 5*u + 26 = 0. What is the remainder when q is divided by s?
0
Let x = 157 - 141. Suppose 3*b + 116 = 2*w, -16 = w + 5*b - 87. What is the remainder when w is divided by x?
13
Let n = -35 + 91. What is the remainder when n is divided by 26?
4
Let u = 0 - -3. Suppose -4*q + 20 = -2*i - 10, u = 2*q + 3*i. Calculate the remainder when q is divided by 4.
2
Let a(p) = -p - 8. Suppose -4*v + 30 = v. Let n = 15 - v. What is the remainder when n is divided by a(-13)?
4
Let q(w) = 2*w**3 - 5*w**2 + 4*w - 4. Calculate the remainder when q(4) is divided by 21.
18
Let q(b) be the first derivative of -b**2 - 5*b + 4. What is the remainder when q(-8) is divided by 4?
3
Let a = -51 - -105. What is the remainder when a is divided by 19?
16
Let t(m) be the third derivative of m**5/20 + m**4/24 - m**3/3 - 4*m**2. What is the remainder when t(3) is divided by 10?
8
Suppose -3*f + 0*n + n + 27 = 0, -3*f + 39 = -5*n. Let g = f + -4. Suppose 8 + g = 4*q. Calculate the remainder when 5 is divided by q.
2
Suppose 0*u - 2 = -2*u. Suppose o = -3 - u. Calculate the remainder when 8 is divided by 13/4 - (-1)/o.
2
Suppose -j + 4*v = -12, -2 = -4*j + 3*v + 7. Let r(h) = 2*h. Let n be r(1). Suppose 0*f - n*f + 60 = j. Calculate the remainder when f is divided by 16.
14
Let s = -5 - -7. Suppose 2*t + s*b - 96 = 0, 197 - 3 = 4*t + 2*b. Calculate the remainder when t is divided by 13.
10
Suppose 4*k - 247 = 137. Calculate the remainder when k is divided by 20.
16
Let k = 5 + 23. Let c be 0/2*(-1)/2. Suppose -4*s + 67 - 7 = c. What is the remainder when k is divided by s?
13
Calculate the remainder when (0 - -103) + (-4)/4 is divided by 21.
18
Let l = -67 - -98. Calculate the remainder when 122 is divided by l.
29
Let g = 12 - 9. Suppose g*h - 191 + 59 = 0. What is the remainder when h is divided by 23?
21
Let w(x) = 11*x - 2. Let d = 12 + -8. Let p be w(d). Suppose -3*y - m = -27, -8 + p = 5*y - 2*m. Calculate the remainder when 15 is divided by y.
7
Let h(x) = 4*x**2 - 2*x + 2. Suppose g + 0*z + 5*z + 2 = 0, 5*g - 20 = 5*z. Suppose 2 + 15 = j. Calculate the remainder when h(g) is divided by j.
15
Let a(f) = 6*f**3 + 2*f**2 + 2*f + 1. Let j be a(-1). Let m = j + 8. Suppose 0 = w - m*w + 6. Calculate the remainder when w is divided by 2.
1
Suppose 0 = -2*v - 0*v + 4. Let k(p) = 4*p**v - 1 - 2*p**2 + 11*p**2 + 0. What is the remainder when 35 is divided by k(-1)?
11
Suppose 0 = l - 3*s - 36, -6*l + 2*l - 2*s = -130. Calculate the remainder when l is divided by -5*((-7)/5 + -1).
9
Let q be ((-6)/(-9)*9)/2. Su